270838 is divided by 1135392?
54
What is the remainder when 5487377 is divided by 88506?
5
What is the remainder when 166192 is divided by 26882?
4900
Calculate the remainder when 135211 is divided by 805.
776
Calculate the remainder when 12839096 is divided by 15.
11
Calculate the remainder when 176704 is divided by 25243.
3
Calculate the remainder when 18754117 is divided by 2534.
2517
What is the remainder when 266592 is divided by 6501?
51
Calculate the remainder when 52487143 is divided by 99.
16
What is the remainder when 3821145 is divided by 209?
207
Calculate the remainder when 232799 is divided by 2531.
2478
Calculate the remainder when 1111058 is divided by 65268.
1502
What is the remainder when 21887483 is divided by 4377496?
3
What is the remainder when 15392 is divided by 3632?
864
Calculate the remainder when 2179526 is divided by 3713.
3708
Calculate the remainder when 8041474 is divided by 68.
66
Calculate the remainder when 68761940 is divided by 17190484.
4
Calculate the remainder when 35220 is divided by 110.
20
What is the remainder when 32741383 is divided by 122?
121
What is the remainder when 3491051 is divided by 204?
203
What is the remainder when 941905 is divided by 31?
1
Calculate the remainder when 1259684 is divided by 116.
40
What is the remainder when 498432 is divided by 249168?
96
Calculate the remainder when 17788820 is divided by 6528.
20
Calculate the remainder when 40977172 is divided by 20.
12
Calculate the remainder when 9174681 is divided by 191.
187
Calculate the remainder when 6667805 is divided by 5768.
5765
Calculate the remainder when 31161 is divided by 2326.
923
Calculate the remainder when 161550 is divided by 21.
18
Calculate the remainder when 318058 is divided by 63596.
78
What is the remainder when 20382827 is divided by 3397134?
23
Calculate the remainder when 866047 is divided by 11248.
11199
What is the remainder when 116651412 is divided by 141?
138
What is the remainder when 534210 is divided by 106841?
5
What is the remainder when 83819548 is divided by 11?
10
What is the remainder when 3638261 is divided by 62?
39
What is the remainder when 10371724 is divided by 1152413?
7
What is the remainder when 1089972 is divided by 29?
7
What is the remainder when 895401 is divided by 9043?
144
What is the remainder when 1754375 is divided by 194930?
5
Calculate the remainder when 94754245 is divided by 21.
19
What is the remainder when 39838 is divided by 341?
282
Calculate the remainder when 14922456 is divided by 649.
648
Calculate the remainder when 59276804 is divided by 59276793.
11
What is the remainder when 46486133 is divided by 15495368?
29
What is the remainder when 17083564 is divided by 8453?
51
Calculate the remainder when 70002122 is divided by 112.
106
What is the remainder when 243566 is divided by 9321?
1220
What is the remainder when 745706 is divided by 248469?
299
Calculate the remainder when 516877 is divided by 36888.
445
What is the remainder when 6117718 is divided by 243?
193
Calculate the remainder when 640034 is divided by 64.
34
What is the remainder when 2878 is divided by 967?
944
Calculate the remainder when 232221 is divided by 1668.
369
Calculate the remainder when 16430658 is divided by 2502.
24
Calculate the remainder when 20719607 is divided by 358.
357
Calculate the remainder when 1970772 is divided by 217.
195
Calculate the remainder when 568901 is divided by 115.
111
Calculate the remainder when 419178 is divided by 83718.
588
Calculate the remainder when 326519 is divided by 326511.
8
Calculate the remainder when 66271521 is divided by 33.
30
Calculate the remainder when 1430881 is divided by 715108.
665
Calculate the remainder when 3716891 is divided by 1716.
35
Calculate the remainder when 6154855 is divided by 67635.
70
Calculate the remainder when 20478273 is divided by 9655.
18
Calculate the remainder when 599922 is divided by 599882.
40
What is the remainder when 1032387 is divided by 47?
32
What is the remainder when 303860984 is divided by 567?
14
Calculate the remainder when 25652381 is divided by 12826110.
161
Calculate the remainder when 1443445 is divided by 2803.
2703
Calculate the remainder when 4366194 is divided by 61.
58
Calculate the remainder when 117823 is divided by 5353.
57
What is the remainder when 9498367 is divided by 2374?
2367
What is the remainder when 66593140 is divided by 1449?
1447
Calculate the remainder when 1083509 is divided by 1072.
789
Calculate the remainder when 27459986 is divided by 472.
442
Calculate the remainder when 451092 is divided by 5501.
10
What is the remainder when 272883 is divided by 13643?
23
Calculate the remainder when 11376324 is divided by 4272.
4260
What is the remainder when 102381 is divided by 8517?
177
What is the remainder when 807075 is divided by 403532?
11
Calculate the remainder when 19243167 is divided by 35.
27
What is the remainder when 9785268 is divided by 605?
603
Calculate the remainder when 4526818 is divided by 9239.
8947
What is the remainder when 32724016 is divided by 2814?
10
What is the remainder when 227887516 is divided by 112?
108
What is the remainder when 402651 is divided by 258?
171
What is the remainder when 153987 is divided by 38402?
379
What is the remainder when 4264185 is divided by 71?
67
What is the remainder when 251568 is divided by 1823?
1817
Calculate the remainder when 286464 is divided by 1507.
134
Calculate the remainder when 668419 is divided by 29.
27
Calculate the remainder when 2387554 is divided by 183655.
39
Calculate the remainder when 48276 is divided by 16083.
27
What is the remainder when 2201580 is divided by 2031?
2007
Calculate the remainder when 2455846 is divided by 5582.
5348
Calculate the remainder when 150910557 is divided by 37727636.
13
What is the remainder when 10529 is divided by 6994?
3535
What is the remainder when 1447995 is divided by 10197?
21
What is the remainder when 1375491 is divided by 1194?
3
Calculate the remainder when 1006662 is divided by 11.
8
What is the remainder when 423823 is divided by 70622?
91
What is the remainder when 9139667 is divided by 158?
157
What is the remainder when 29886 is divided by 2473?
210
What is the remainder when 21078236 is divided by 196992?
92
What is the remainder when 1708858 is divided by 140?
18
Calculate the remainder when 33486022 is divided by 3000.
22
Calculate the remainder when 3711895 is divided by 455.
5
Calculate the remainder when 1022694 is divided by 14804.
1218
What is the remainder when 360022 is divided by 21?
19
Calculate the remainder when 112689 is divided by 37529.
102
Calculate the remainder when 7246293 is divided by 1562.
175
What is the remainder when 3677755 is divided by 2079?
4
Calculate the remainder when 20967 is divided by 10292.
383
Calculate the remainder when 23316 is divided by 22776.
540
Calculate the remainder when 23581 is divided by 1677.
103
Calculate the remainder when 168243 is divided by 2274.
2241
Calculate the remainder when 12947165 is divided by 181.
54
Calculate the remainder when 2239225 is divided by 41466.
61
Calculate the remainder when 3185460 is divided by 11216.
116
Calculate the remainder when 46954357 is divided by 18.
7
What is the remainder when 5599527 is divided by 5599416?
111
Calculate the remainder when 491159 is divided by 763.
550
Calculate the remainder when 2969876 is divided by 12323.
33
Calculate the remainder when 4080128 is divided by 3630.
8
Calculate the remainder when 8481 is divided by 395.
186
What is the remainder when 1146388 is divided by 10532?
8932
Calculate the remainder when 629690 is divided by 629638.
52
Calculate the remainder when 8609481 is divided by 459.
18
What is the remainder when 90899 is divided by 12980?
39
Calculate the remainder when 12305270 is divided by 9591.
17
What is the remainder when 2387151 is divided by 596783?
19
What is the remainder when 414882886 is divided by 31?
28
What is the remainder when 43217593 is divided by 25?
18
Calculate the remainder when 269903 is divided by 466.
89
What is the remainder when 345368 is divided by 1050?
968
What is the remainder when 2919560 is divided by 10427?
0
What is the remainder when 6212054 is divided by 2324?
2
What is the 